mon divisor of f and 260?
26
Let l(k) = k**2 + 3*k. Let c be l(3). Let n(m) = -14*m - 12. Suppose 12 + 0 = -2*a. Let y be n(a). Calculate the highest common divisor of y and c.
18
Let s = -10 + 60. Calculate the highest common divisor of s and 10.
10
Suppose 3*m = -0*m + 12. Suppose 2*x + 7 = -5*r - 10, m*x - 11 = -r. Calculate the highest common factor of 8 and x.
4
Let r(s) = -s**3 + 7*s**2 + 10*s - 6. Let f be r(8). Calculate the greatest common factor of 20 and f.
10
Suppose 68 = z - 2*d, d + d + 188 = 3*z. Suppose 3*q - 1 - 53 = 0. Let o be (-12)/q - 124/(-6). Calculate the highest common factor of z and o.
20
Let g be (0 - 1)*24/(-3). Let y(c) = -2*c + 22. Let p be y(-5). Calculate the highest common divisor of p and g.
8
Suppose -2*d + 8 = q, -d + 0 = 3*q - 9. Calculate the highest common factor of 4 and q.
2
Suppose 5*r - 15 = -0*r. Suppose -r*h + 2*h + 14 = 0. What is the highest common factor of 70 and h?
14
Suppose -3*w = 2*h - 107, 0 = -w - 2*w + 3*h + 102. Calculate the greatest common divisor of 70 and w.
35
Let m be (-126)/8*80/(-6). Calculate the greatest common divisor of m and 30.
30
Suppose 0*v + 317 = 3*v + w, v - w = 99. Calculate the greatest common divisor of 13 and v.
13
Let l = 8 + 2. Let f(c) = c**3 - 4*c**2 - 6*c + 7. Let w be f(5). Let k be 40/(((-7)/w)/(-7)). Calculate the highest common factor of k and l.
10
Let v(b) = -2*b**2 - 2*b - 3. Let m be v(-3). Let o = 5 - m. What is the highest common factor of o and 180?
20
Let j(t) be the third derivative of -1/3*t**4 + 0 + 0*t + 4*t**2 - 1/6*t**3. Let k be j(-3). What is the greatest common divisor of k and 92?
23
Let m(r) = r**3 - 3*r**2 - 6*r. Let j be (-4)/6*3 - -8. Let w be m(j). What is the highest common factor of w and 8?
8
Let d = 105 + -50. Suppose -9 - 46 = -5*k. Calculate the greatest common divisor of d and k.
11
Let k(i) = -9*i + 6. Suppose 2*u + 2*u = 24. Suppose -u + 0 = x. Let a be k(x). What is the greatest common factor of 24 and a?
12
Let k = -6 - -12. Let v(d) = d**3 - 5*d**2 - 2*d - 4. Let i be v(k). What is the greatest common factor of 5 and i?
5
Let p be -1 + (1 - 1) - -3. Let g be -22 - 6/(-9)*-3. Let j = g + 38. What is the highest common divisor of p and j?
2
Let w(g) = -g**2 + 2*g. Suppose -6*d + 20 = -d. Let t be w(d). Let s be 1/4 - 174/t. Calculate the highest common divisor of s and 110.
22
Suppose p - 1 = 0, 3*v - p - 125 = -0*p. What is the greatest common divisor of v and 63?
21
Let w be -20*(-18)/(-4)*-1. What is the greatest common factor of w and 15?
15
Let m be -1*141 + -2 - -2. Let s = -92 - m. Let o(w) = w**3 - 6*w**2 - 6*w. Let c be o(7). Calculate the highest common divisor of s and c.
7
Suppose -k - 37 - 28 = -2*y, -2*y + 4*k = -62. Suppose -4*r + y = -39. Calculate the greatest common divisor of r and 2.
2
Let i be 48/18*(-15)/(-4). Calculate the highest common divisor of 4 and i.
2
Let h be 2/((-3)/9*-3). Suppose 7 + 12 = h*l + 3*g, -4 = -2*l + 2*g. Let w = l + 1. Calculate the highest common factor of w and 24.
6
Let h be (-8)/20*2*-15. What is the highest common divisor of 132 and h?
12
Let i be 0/((-3 - -2)/1). Suppose -3*h - l = -6*h + 8, 2*h + 8 = 4*l. Suppose h*o - 3*o - 18 = i. What is the highest common factor of o and 9?
9
Let v = 1 + 3. Let f be (-9)/36 + (-22)/8. Let m = v + f. Calculate the greatest common factor of m and 1.
1
Let q(a) = 11*a**2 - 1. Let b be q(1). What is the highest common factor of 40 and b?
10
Let o be 6207/39 - (-10)/(-65). Suppose -5*u - 2*h + 205 = -45, -3*u = 3*h - o. What is the highest common divisor of u and 6?
6
Let u = -11 - -8. Let s = -3 - u. Suppose s = 4*a - 11 - 25. Calculate the highest common divisor of 99 and a.
9
Suppose 5*q - 18 = 47. Let y = q + -5. Suppose 4*b - 8 + 0 = 0. What is the greatest common factor of y and b?
2
Suppose 0 = 3*c + 4*a + 37, 2*c = -c + 5*a - 28. Let z = 27 + c. Calculate the greatest common factor of z and 8.
8
Suppose j + 3*i - 5 = 0, -5*j + 72 = i + 19. What is the highest common factor of j and 77?
11
Let m(f) = -2*f + 29. Let i be m(-5). Let o be 24*(-2)/(-2) - -2. Calculate the greatest common divisor of o and i.
13
Let n be (-308)/(-56) + (-10)/(-4). Calculate the highest common factor of n and 32.
8
Suppose -f = -6*f + 20. Suppose 0*i - f*i + 792 = 0. Calculate the greatest common divisor of 18 and i.
18
Let g be (-40)/3*(-9)/4. Calculate the greatest common divisor of 12 and g.
6
Suppose 0 = 4*g - 34 - 6. What is the highest common divisor of 50 and g?
10
Suppose 8*l + n - 91 = 3*l, -74 = -4*l - 2*n. Let b be (-1 + 3)*(l - -1). What is the greatest common divisor of b and 57?
19
Let l be ((-61)/3 + -3)/(4/(-6)). Calculate the greatest common divisor of 35 and l.
35
Suppose 0 = 22*y - 18*y - 208. Calculate the highest common divisor of 26 and y.
26
Let m = 100 - -8. What is the highest common factor of 162 and m?
54
Suppose x - 69 = y, -154 = -5*x + 2*y + 194. Let i be 1683/12 + 1/(-4). Suppose -5*q + i = -0*q. What is the greatest common factor of q and x?
14
Let h = 12 + -9. Let a be (-8)/1*h/(-4). Calculate the highest common factor of a and 48.
6
Let x(t) = t**2 - 9*t + 4. Let u be x(10). Let w be 132/(-16)*(-2 - u). Calculate the highest common divisor of 12 and w.
12
Let y be ((-134 - 4)/(-3))/2. Calculate the highest common divisor of 138 and y.
23
Let w = 2 - -1. Let o = w - 2. Let d be ((-24)/(-4))/(2*o). Calculate the highest common divisor of 9 and d.
3
Let g be 26 + (-2 - 0) + -1. Suppose 43 + g = 2*w. What is the greatest common divisor of 22 and w?
11
Suppose 3*p + 2*u - 8 = -p, 3*u + 4 = -2*p. Let n = p - -8. What is the highest common divisor of n and 8?
4
Suppose 3*h + 6 = 2*c, 1 = 3*h + 7. Suppose -4*p + 0 + 4 = c. What is the highest common factor of 4 and p?
1
Suppose 3*z + z = 0. Suppose -o - 4*w + 7 + 0 = 0, z = 5*o + 4*w - 3. Let i be (o - 0)/((-3)/264). Calculate the greatest common factor of 8 and i.
8
Suppose -3*y + 30 = 3*w, -2*w + 27 = -y + 7. Calculate the greatest common divisor of 15 and w.
5
Let i = -5 + 12. Let m(z) = 5*z - 10. Let s be m(i). Suppose -3*b + 23 = -7. What is the highest common factor of b and s?
5
Let o(w) = w**2 - 2*w - 18. Let j be o(-12). Calculate the greatest common factor of 30 and j.
30
Suppose 0*z + 3*z + 15 = 0. Let t = z + 10. Suppose 4*o = -4*w - 0*o + 64, -2*o = t*w - 68. What is the highest common divisor of 30 and w?
6
Let d be ((-12)/(-20))/(2/10). Suppose -d*p - 4 = -4*r, 4*r = 8*r + 2*p - 24. What is the greatest common factor of 36 and r?
4
Let j be (2 - 36/10)/(4/(-30)). What is the greatest common factor of 48 and j?
12
Suppose 2*z + 2*v - 54 = 0, -117 = -5*z + v - 0*v. Calculate the greatest common divisor of z and 3.
3
Suppose -18 = 3*s - 4*s. Let p = 10 - -8. Suppose 55 = 3*b + 4*m - p, -5*m = 5*b - 125. What is the greatest common divisor of b and s?
9
Let d be 8/(-12) + 17/3. Let f(g) = 11*g + 5. Let k be f(d). What is the highest common factor of k and 20?
20
Let o be (-6)/(-21) - 488/(-7). Calculate the highest common divisor of o and 28.
14
Suppose 0 = -p - q + 15, 3*p = -p + q + 45. Suppose 5*f = 0, -2*f - 28 - 20 = -4*s. Calculate the greatest common divisor of s and p.
12
Let d be (-4)/14 - (-186)/14. Suppose -l = -v - 5, -v = 3*l - 2*v - d. What is the highest common divisor of l and 16?
4
Let f = -83 + 170. Suppose -3*w + f = -114. Suppose -2*x - h + 18 + 29 = 0, 3*x + 5*h = w. What is the highest common factor of x and 60?
12
Let x be ((-16)/6)/(6/27). Let o be 1/(-3) + (-172)/x. Calculate the greatest common divisor of 2 and o.
2
Let f = 7 + -2. Suppose 0 = 2*c - f*w - 114, -48 = -c - 2*w - 0*w. Suppose -h - c = 4*s - 5*s, 3*s + h = 148. Calculate the greatest common divisor of s and 20.
10
Let f = -12 + 54. Let s(b) be the second derivative of 5*b**4/4 + b**3/3 + b**2/2 + b. Let m be s(-1). Calculate the greatest common divisor of m and f.
14
Let p(g) = -16*g - 26. Let l be p(-3). Suppose 2*u - 534 = -4*h, 5*h - u - 666 = -3*u. Calculate the highest common divisor of h and l.
22
Let b be 3*-2*(0 - 2). Suppose 7 = 2*q - 15. Suppose 0 = 5*w + f - 0*f - 29, w - 5*f - q = 0. What is the highest common divisor of b and w?
6
Suppose z - 70 = -f - 3, -5*z + 4*f = -380. Suppose 0 = 2*h + 3*h - 40. Calculate the greatest common factor of z and h.
8
Suppose 121